8/9 - 0) + (-6)/9?
1
Suppose -2*h - 4 = -4*h. What is the units digit of h?
2
Let v(h) = -h**3 + 6*h**2 - 5*h - 4. Let m be v(4). Let y = -6 + m. Suppose 2 + y = 4*g. What is the units digit of g?
1
Let a(k) = 0 + k - 5*k - 1. What is the units digit of a(-1)?
3
Let b = 119 - 87. What is the units digit of b?
2
Let d = 6 - 3. Let p(i) = -2 + 4*i - i**d - 3*i**2 - 3*i**2 + 0*i + i. What is the tens digit of p(-7)?
1
Let i = 6 - 6. Let g be (-2 - (1 + i))*1. Let y = g - -7. What is the units digit of y?
4
Let z(b) = b**3 - b + 4. Let q be z(0). Suppose 3*h = q*h - 3. Suppose -h*t = -4*t + 3. What is the units digit of t?
3
Suppose 5*w = 2*w - 6. What is the tens digit of (w/6)/((-1)/39)?
1
What is the units digit of 1/(11/288) + 2/(-11)?
6
Suppose -5*f + 1180 = -255. What is the hundreds digit of f?
2
Let n be 1 + (-5)/((-10)/(-4)). Let h be 0/n - (-12 + 5). Suppose h = m - 6. What is the tens digit of m?
1
Suppose 44 = x - 3*x. What is the tens digit of x/(-2) - (-1 - -1)?
1
Let b(y) = -y**3 + 11*y**2 - 11*y + 9. Let h be b(10). Let w(p) = -4*p**3 - p**2 + 1. Let d be w(h). Let u(t) = t + 5. What is the units digit of u(d)?
9
Suppose 2*m - 2*t + 4 = -m, 0 = 3*m + 3*t - 6. Let u = m + 4. Suppose 24 = l + u*c, 1 = -4*l + 3*c + 21. What is the units digit of l?
8
Let p(u) = u**3 - 9*u**2 - 2*u + 8. What is the units digit of p(10)?
8
What is the hundreds digit of (6096/120)/((-1)/(-5))?
2
Let j = -3 + 3. Suppose 24 = -3*z - j*z. Let i = z - -16. What is the units digit of i?
8
Let t(h) = -h**2 - 9*h + 2. Let c be t(-8). Let m(w) be the first derivative of w**3/3 - 5*w**2 + 8*w + 2. What is the units digit of m(c)?
8
Let t = 19 + 41. What is the units digit of t?
0
Suppose -h + 2*q = -176 - 123, 0 = 2*h + 2*q - 616. What is the units digit of h?
5
Let q(i) = i**2 + 4*i - 1. What is the units digit of q(-6)?
1
Let r(a) = -a**2 + 12*a - 2. Let y = 12 + -4. What is the tens digit of r(y)?
3
Suppose -3*w - 12*t = -8*t - 529, -870 = -5*w + 5*t. What is the tens digit of w?
7
Let m(o) = -o**3 + 12*o**2 + 13*o + 6. What is the units digit of m(13)?
6
Let r(y) = -y**3 - 2*y**2 + y + 1. Let p be r(-3). Suppose 0 = -2*b + b + p. What is the units digit of b?
7
Let f(p) = p**2 - 8*p - 7. Suppose 4*a - 5*v - 30 = 0, 0 = 5*a - v - 59 + 11. What is the tens digit of f(a)?
1
Let y = -4 + -1. Let s(a) = -a + 4. Let l be s(4). Let t = l - y. What is the units digit of t?
5
Let d = 2 - 2. Let b = -1 + d. What is the units digit of (1 - b)/(4/8)?
4
Suppose 18 = 4*v - 3*r, -4*v + v + 1 = 4*r. Suppose -4 = -a + v. What is the units digit of a?
7
Suppose -3*u = -0 + 6, -3*s = 4*u - 88. What is the tens digit of s?
3
Suppose -74 = -2*q + 94. Suppose -q = 2*t - 4*t. Suppose 5*w = 3*d + t, 3*w - 4*d - 22 - 12 = 0. What is the units digit of w?
6
Suppose -120 = -b - 2*b. Suppose -b = -0*p - 4*p. What is the units digit of p?
0
Let p be (-13 - -3)/((-2)/1). Suppose 3 - 33 = -p*q. What is the units digit of q?
6
Let k = 91 + 88. What is the units digit of k?
9
Let j be 3/(2 + -1) - -1. Suppose 2*a - 4*a + 20 = 0. Suppose a = -j*c + 26. What is the units digit of c?
4
Let b(a) = -3 + 0*a - 6 + 3*a + 0*a. Suppose -3*n = t - 7*n - 15, 0 = 5*t + 3*n - 29. What is the tens digit of b(t)?
1
Let l(n) = n**3 + 8*n**2 - 3*n - 14. What is the units digit of l(-7)?
6
Let g = 1 + -4. Let h be 26/5 + g/15. Suppose -4*c + 40 = -4*f, -h*f - 23 = 2. What is the units digit of c?
5
Let w = 35 - 58. Let t = 43 + w. Suppose 0 = r - 5*a - 4, 6*r + 4*a = r + t. What is the units digit of r?
4
Let n(p) = p**3 + 2*p - 3. Let i be n(2). Let u = -8 + i. What is the units digit of u?
1
Let a = 10 + -6. Suppose -t - 84 = -a*t. Let p = 41 - t. What is the tens digit of p?
1
Let u(r) be the first derivative of r**3/3 - r**2/2 + r + 2. Suppose 4*j = 3*j + 3. What is the units digit of u(j)?
7
Let h(r) = r**2 + 8*r - 25. Let n be h(-10). Suppose 3*i - 4*w = 22, i + 3*w = 2*w + 19. Let s = n + i. What is the units digit of s?
9
Let b(o) = -9*o**2 - o - o**3 - 1 - 2*o - o. Let s(p) = 2*p**3 + 19*p**2 + 8*p + 2. Let j(l) = -7*b(l) - 3*s(l). What is the units digit of j(-5)?
6
Let w(u) be the third derivative of -u**5/60 - u**4/12 + u**3/2 - u**2. Let y be w(-3). Suppose -z - 3*z + 64 = y. What is the units digit of z?
6
Let k(m) be the first derivative of -m + 3. Let b(l) = -l. Let v(y) = -b(y) - k(y). What is the units digit of v(4)?
5
Suppose 16 = -4*a, z + z = -a + 196. Suppose k = -3*k + z. What is the units digit of k?
5
Suppose -4*k + x = 19, x = -3*k - 4*x - 20. Let q(j) = -5 - 2*j**3 - 4*j**2 + 3*j + 2 + j**3. What is the units digit of q(k)?
7
Suppose -m - 1355 = -5*v - 271, -4*v + m = -868. What is the tens digit of v?
1
Suppose 2*z + 2*h = 7*h, 4*z + 4*h = 0. Let i(r) = r**3 + 2. What is the units digit of i(z)?
2
Let o(k) = -k + 9. Let c be o(7). Suppose 3*z + 5*u + 61 = 0, u + 3 = z - c*u. Let t = z - -22. What is the units digit of t?
0
Let c(u) = -u**3 + 2*u**2 - 7*u - 9. What is the units digit of c(-3)?
7
Let q(s) = s**2 + 6*s + 9. What is the units digit of q(-6)?
9
Let r(t) = t**2 - 7*t + 9. Suppose 4*s + 2*a = 22, 8*s - 4*s + 5*a = 37. Let u be s*2 + 0/4. What is the units digit of r(u)?
3
Let i(g) be the third derivative of -g**5/60 + 7*g**4/24 + 5*g**3/6 - g**2. Let x be i(7). Let p = -4 + x. What is the units digit of p?
1
Suppose o + o = 0. Suppose o = 7*n - 4*n. Suppose -l + 25 - 6 = n. What is the tens digit of l?
1
Suppose -5*r + 24 = -6. Let s = r + -4. Suppose -4 = -0*h - s*h. What is the units digit of h?
2
Let v(z) = -z + 17. Let i be v(0). Suppose 7*p - i = 6*p. What is the tens digit of p?
1
Suppose -5*m - 2*g = 2*g - 106, -4*m = 4*g - 88. What is the tens digit of m?
1
Let h(j) = -3*j**2 + 10 - 12 + j + 3*j**3 + 2*j + 0*j**3. What is the units digit of h(2)?
6
Suppose 4*z - 3*z = 0. Suppose z = 3*c + n - 25, n + 2 = 3*n. Suppose -c = -3*o - o. What is the units digit of o?
2
Let r(f) be the first derivative of f**3/3 + 9*f**2/2 + 6*f + 1. Let a be r(-8). What is the units digit of (-2)/(3/24*a)?
8
Let w be (2/(-4))/((-5)/(-320)). What is the units digit of 12*(-2 - w/12)?
8
Let d(r) = -r**3 + r**2 - 7*r - 3. Let s be d(-5). Let k = s + -127. What is the tens digit of k?
5
Let h(x) = 2*x**3 + 4*x**2. Let b be h(-3). Let i = b + 30. What is the units digit of ((-2)/(-4))/(3/i)?
2
Let x(d) = d**2 + 2*d - 20. What is the units digit of x(7)?
3
Suppose 25*x - 27*x = -488. What is the tens digit of x?
4
Let x = 47 + -14. Let d = 3 + x. What is the tens digit of d?
3
Let g(r) = r**2 + 4*r. Let z be g(3). Suppose -5*x + z = 4*w, 2*w + 16 + 1 = 3*x. What is the units digit of x?
5
Suppose 3 = 2*d + 5*j, -44 = -4*d + 2*j - 2. Let m be 1*(0 + -1)*2. Let s = d + m. What is the units digit of s?
7
Let g(s) = 84*s - 3. What is the tens digit of g(1)?
8
Suppose 0 = 4*k + 5*n - 350, -3*n = -2*k + 6*k - 354. What is the tens digit of k?
9
Suppose 5*j + 43 - 8 = -5*h, 2*h + 2 = -5*j. Let f = 3 - h. What is the tens digit of f?
1
What is the units digit of (5 - (-117)/6)*8?
6
Suppose -x + 3*x = 4. Let p(d) = d**3 - d + 1. Let q be p(x). Let w = 0 + q. What is the units digit of w?
7
Let u(a) = 3*a - 7. What is the tens digit of u(15)?
3
Suppose 27 = -10*x + 11*x. What is the tens digit of x?
2
Suppose -4*s = -2*h + 32, -2*h + 40 = -0*h + 4*s. Suppose -4*f = 5*c - 16, 0 = 5*c - 3*f + 5*f - h. What is the units digit of c?
4
Suppose -42 = 10*c - 11*c. What is the units digit of c?
2
What is the tens digit of (-1)/(-2)*(20 + 36)?
2
What is the units digit of (378/(-15))/(6/(-15))?
3
Let r be -3*(-2)/((-6)/3). Let g = 6 + r. Let w = g + -2. What is the units digit of w?
1
Let l be 2/4 + 126/28. Suppose 5*m - i - 82 = 95, 3*m = l*i + 115. What is the units digit of m?
5
Suppose -2*b = 2 + 2. Let t be b/1*(-3 + 2). Suppose -t*s + m = -0*s - 3, 3 = -s + 5*m. What is the units digit of s?
2
Suppose 3*a + 2*z = 107, -9 - 94 = -3*a + 2*z. Suppose -25 = 2*y + a. Let o = -21 - y. What is the units digit of o?
9
Let y = 20 + 48. What is the units digit of y?
8
Suppose r = -4*f + 13, 3*f = -r + 5*f + 1. Suppose -5 - r = -2*t. Suppose -4*s - 5*l = -3*l - 42, t*s - 3*l - 25 = 0. What is the units digit of s?
8
Let l = 501 - 271. Suppose 0*d + l = 5*d. What is the tens digit of d?
4
Let r be (-1 + 1)/(4 - 